f 960739669.
37, 43, 603859
List the prime factors of 763399440.
2, 3, 5, 23, 46099
List the prime factors of 59709747.
3, 53, 375533
What are the prime factors of 1901968748?
2, 103, 233, 19813
What are the prime factors of 412995086?
2, 7, 877, 33637
List the prime factors of 547627813.
547627813
List the prime factors of 160746496.
2, 156979
What are the prime factors of 104655891?
3, 199, 175303
List the prime factors of 74842627.
1301, 57527
What are the prime factors of 132873806?
2, 13, 23, 222197
What are the prime factors of 43839247?
97, 283, 1597
List the prime factors of 756771492.
2, 3, 389, 162119
What are the prime factors of 1545610609?
443, 641, 5443
List the prime factors of 6297890545.
5, 10139, 124231
What are the prime factors of 161670378?
2, 3, 26945063
What are the prime factors of 40057055?
5, 107, 74873
What are the prime factors of 1370134935?
3, 5, 13, 19, 123269
List the prime factors of 941767401.
3, 37, 311, 27281
What are the prime factors of 690100876?
2, 8867, 19457
List the prime factors of 416138091.
3, 487, 284831
What are the prime factors of 25637882?
2, 12818941
List the prime factors of 32853627.
3, 571, 2131
List the prime factors of 40694149.
233, 174653
List the prime factors of 99744643.
99744643
What are the prime factors of 60402527?
2777, 21751
List the prime factors of 2113400154.
2, 3, 101, 827, 4217
What are the prime factors of 86152819?
593, 145283
What are the prime factors of 136502324?
2, 7, 37, 131759
List the prime factors of 651073110.
2, 3, 5, 4597, 4721
What are the prime factors of 2187391562?
2, 47, 495109
What are the prime factors of 56109400?
2, 5, 280547
List the prime factors of 1314771326.
2, 11, 47, 71, 17909
List the prime factors of 76012046.
2, 11, 19, 43, 4229
List the prime factors of 37847537.
7, 13, 251, 1657
What are the prime factors of 38348116?
2, 31, 309259
What are the prime factors of 134539479?
3, 17, 879343
List the prime factors of 368365089.
3, 4253, 28871
What are the prime factors of 39201280?
2, 5, 15313
List the prime factors of 474728364.
2, 3, 11, 133201
What are the prime factors of 185351280?
2, 3, 5, 772297
What are the prime factors of 684818313?
3, 1451, 157321
What are the prime factors of 370261723?
13, 47, 605993
List the prime factors of 3769498095.
3, 5, 11, 22845443
What are the prime factors of 6486154179?
3, 8951, 241543
What are the prime factors of 3445972789?
7, 492281827
What are the prime factors of 267344812?
2, 7, 59, 161831
List the prime factors of 394617922.
2, 47, 97, 113, 383
What are the prime factors of 889705864?
2, 47, 67, 35317
What are the prime factors of 250759517?
83, 239, 12641
List the prime factors of 38739907.
157, 443, 557
List the prime factors of 49434423.
3, 16478141
What are the prime factors of 82139373?
3, 83, 36653
List the prime factors of 819716.
2, 101, 2029
What are the prime factors of 50260901?
131, 593, 647
What are the prime factors of 23429457?
3, 163, 15971
What are the prime factors of 50353977?
3, 1663, 10093
List the prime factors of 459985000.
2, 5, 91997
What are the prime factors of 52205419?
7, 17, 438701
List the prime factors of 28233569.
7, 13, 449, 691
List the prime factors of 3378886678.
2, 1689443339
List the prime factors of 234486267.
3, 43, 461, 3943
What are the prime factors of 83713450?
2, 5, 1674269
List the prime factors of 3473825024.
2, 19, 37589
List the prime factors of 134041761.
3, 7, 2127647
What are the prime factors of 589970611?
24107, 24473
What are the prime factors of 641595975?
3, 5, 2087, 4099
List the prime factors of 121172701.
13, 29, 321413
What are the prime factors of 3684232113?
3, 67, 139, 163, 809
List the prime factors of 44292069.
3, 1640447
What are the prime factors of 32587991?
2689, 12119
What are the prime factors of 224405602?
2, 1627, 68963
List the prime factors of 6330952589.
13, 19, 25631387
List the prime factors of 62588969.
31, 65129
What are the prime factors of 48896809?
13, 3761293
List the prime factors of 749170113.
3, 249723371
What are the prime factors of 325010644?
2, 7, 11607523
List the prime factors of 78275518.
2, 257, 152287
What are the prime factors of 2025453917?
719, 2817043
List the prime factors of 114719065.
5, 31, 740123
What are the prime factors of 1960160329?
167, 907, 12941
List the prime factors of 543128226.
2, 3, 90521371
What are the prime factors of 883807519?
7, 67, 1884451
What are the prime factors of 1855859752?
2, 41, 5658109
What are the prime factors of 69829848?
2, 3, 11, 88169
List the prime factors of 149310668.
2, 13, 2871359
What are the prime factors of 1455993295?
5, 291198659
List the prime factors of 2470679353.
22483, 109891
What are the prime factors of 73801216?
2, 17, 61, 139
What are the prime factors of 32453463?
3, 7, 19, 163, 499
List the prime factors of 198219314.
2, 127, 167, 4673
What are the prime factors of 6493798783?
6493798783
What are the prime factors of 286570159?
739, 387781
List the prime factors of 2239982453.
241, 677, 13729
List the prime factors of 482742105.
3, 5, 61, 137, 3851
What are the prime factors of 1124723390?
2, 5, 7, 1021, 15737
What are the prime factors of 661043362?
2, 7, 109, 433187
List the prime factors of 2616558946.
2, 1308279473
What are the prime factors of 1048428496?
2, 193, 339517
What are the prime factors of 57432753?
3, 7, 43411
List the prime factors of 513424433.
513424433
What are the prime factors of 346360741?
346360741
What are the prime factors of 208509475?
5, 2617, 3187
List the prime factors of 49020760.
2, 5, 19, 53, 1217
List the prime factors of 4396302669.
3, 11, 19, 7011647
List the prime factors of 744093121.
809, 919769
What are the prime factors of 311080835?
5, 13, 569, 647
What are the prime factors of 1225571680?
2, 5, 1019, 7517
List the prime factors of 64748128.
2, 23, 87973
List the prime factors of 39980335.
5, 2309, 3463
What are the prime factors of 968331800?
2, 5, 191, 25349
List the prime factors of 155481378.
2, 3, 13, 43, 151, 307
What are the prime factors of 444337022?
2, 163, 1362997
List the prime factors of 1241824807.
1241824807
What are the prime factors of 720402281?
71, 271, 37441
List the prime factors of 56486988.
2, 3, 17, 23, 4013
List the prime factors of 121809253.
61, 853, 2341
What are the prime factors of 141942669?
3, 11, 61, 107, 659
What are the prime factors of 3150410227?
809, 3894203
List the prime factors of 8689010668.
2, 13, 167, 1000577
List the prime factors of 10674375.
3, 5, 5693
List the prime factors of 305132710.
2, 5, 37, 824683
What are the prime factors of 431775079?
431775079
What are the prime factors of 46058906?
2, 23029453
What are the prime factors of 1055616093?
3, 7, 16755811
What are the prime factors of 503205867?
3, 59, 347, 2731
List the prime factors of 2777856444.
2, 3, 11, 73, 3559
What are the prime factors of 141041940?
2, 3, 5, 13, 19, 31, 307
List the prime factors of 33968317.
71, 478427
List the prime factors of 1578932273.
17, 92878369
List the prime factors of 186293880.
2, 3, 5, 31, 16693
What are the prime factors of 14529660?
2, 3, 5, 242161
What are the prime factors of 1108446554?
2, 554223277
What are the prime factors of 44050553?
17, 2591209
What are the prime factors of 4250695?
5, 850139
List the prime factors of 1409175595.
5, 2843, 99133
List the prime factors of 486507489.
3, 13, 2333, 5347
What are the prime factors of 1114647771?
3, 41, 9062177
List the prime factors of 718499428.
2, 179624857
List the prime factors of 7227452.
2, 1806863
List the prime factors of 907564337.
23, 641, 61559
List the prime factors of 1811892427.
1571, 1153337
What are the prime factors of 20168066?
2, 139, 72547
List the prime factors of 2213869597.
2213869597
What are the prime factors of 1651477102?
2, 11, 73, 1028317
List the prime factors of 27464282.
2, 17, 53, 15241
What are the prime factors of 325069712?
2, 11, 101, 18287
What are the prime factors of 1081397426?
2, 19, 107, 265961
What are the prime factors of 676022099?
23531, 28729
List the prime factors of 21485844.
2, 3, 198943
What are the prime factors of 139182521?
331, 569, 739
List the prime factors of 157263426.
2, 3, 277, 31541
List the prime factors of 2617822237.
89, 294137